ermine a(-2).
1
Let i(r) be the first derivative of -r**3/3 - 7*r**2 + 4*r + 1628. Determine i(-14).
4
Let w(n) = 971*n + n**2 - 969*n - 6*n**2. Let x(j) = 6*j + 1 - 2 - 22*j**2 + 8*j**2. Let d(g) = -8*w(g) + 3*x(g). What is d(2)?
-7
Let j be (-128)/6 - ((-8)/7)/(408/476). Let l(n) = n**3 + 21*n**2 + 22*n + 25. Give l(j).
-15
Let t(n) = -n**3 - 19*n**2 + n + 18. Let l be t(-19). Let h(p) be the first derivative of 15*p**4/2 + 2*p**3/3 + p**2 + p + 459. Give h(l).
-29
Let f(j) = 2*j - 2 + 3 + 1 - 203*j**2 - j + 97*j**2 + 107*j**2. Let l(v) = v - 5. Let m be l(4). Calculate f(m).
2
Let h be (25/2)/(-25)*44*(-1)/(-2). Let w(t) = -t**2 + 10*t - 20*t + 6 - 3. What is w(h)?
-8
Let s(d) = -9*d**3 + d**2. Suppose 0 = -113*w + 116*w - 585. Let m = w + -194. Calculate s(m).
-8
Let v(g) = g**3 - 6*g**2 - 12*g + 18. Let s = -11240 - -11247. Give v(s).
-17
Let l(g) = g**2 + 3*g - 12. Let s be l(0). Let z(x) = -28 - 3 - 22 + 85 - 5 + x. What is z(s)?
15
Let c(j) be the third derivative of -j**5/15 - 17*j**4/24 - 4*j**3/3 + 352*j**2. What is c(-4)?
-4
Let f(p) = p**2 + 10*p + 12. Suppose -27*g + 26*g = -3*q + 14, -3*g - 22 = q. What is f(g)?
-4
Let g(h) be the third derivative of -h**7/5040 + h**6/360 + 121*h**5/60 - 2*h**2 + 10*h. Let q(d) be the third derivative of g(d). What is q(-2)?
4
Let n(s) = -s**3 + 11*s**2 - 18*s - 6. Let y(a) = 59*a - 463. Let m be y(8). Determine n(m).
-6
Let p(h) = h**2 + 11*h - 16. Let m(t) = 9*t**3 - t**3 + 9*t**3 + t - 6*t**3 + 1. Let n be m(-1). Determine p(n).
-16
Let u(x) = 2*x**2 - 4*x - 1. Let y be ((-40)/12 - -3)*-6*1. Let o(c) = c**2 - 7. Let v be o(y). What is u(v)?
29
Let z(x) = -x**3 + 21*x**2 + 2*x - 33. Suppose 30*h + 2898 = 168*h. What is z(h)?
9
Let x be (((-9)/(-12))/((-7)/(-28)))/1. Let r(i) = -2*i**2 + 3*i - 4. What is r(x)?
-13
Let b = -36 - -25. Let v = 6 + b. Let n(z) = -z + 148. Let s(w) = -5*w + 888. Let x(t) = -6*n(t) + s(t). Calculate x(v).
-5
Let f = 450 + -447. Suppose w = -3*v - 6, -8*v - 3 = 4*w - f*v. Let n(o) = -4*o + o**2 - 1 + 3 - o. Determine n(w).
-4
Let r(x) = x**2 - 4*x + 1. Let d be (-465)/(-95) - (-8)/76. Suppose 0 = 5*b - 42*s + 43*s + 17, d*b + 3*s + 21 = 0. Calculate r(b).
22
Let s(v) = v + 12. Suppose 0 = -3*z + 3*c + 2184, -z + 730 = -14*c + 12*c. Let o = 714 - z. Give s(o).
0
Let h(p) = -p**2 - 30*p + 48. Let r be h(-31). Let k be (r - 17) + (-12)/(-3). Let d(v) = -v**2 + 7*v - 6. Give d(k).
6
Let f(y) be the third derivative of -y**6/144 + y**5/120 - 11*y**4/8 + 100*y**2. Let b(u) be the second derivative of f(u). Determine b(-2).
11
Let f(u) be the second derivative of u**3/6 - 8*u**2 + 2*u. Suppose 0 = 2*w + 5*n - 44, 5*n = 5*w + 10*n - 95. Determine f(w).
1
Let x(v) = 5*v - 58. Let m be (-23443)/(-2167) + (-6)/(-33). What is x(m)?
-3
Let j(k) = -32*k**3 - 2*k**2 + 4*k - 2. Suppose 0 = -2*f + 2*t + 4, 0 = -3*f - 2*t + 9 - 8. Calculate j(f).
-32
Let c(j) = j**2 - 12*j + 6. Suppose 15*g = -11*g + 3146. Let m be (-3 - -2)/((-1)/(-109)). Let k = m + g. Give c(k).
6
Suppose 236*j = 642*j + 536*j - 942. Let b(f) = -f**2 + 1. Let o(i) = 30*i**2 - 6. Let p(w) = -5*b(w) - o(w). Calculate p(j).
-24
Suppose 2*r - 5*c = -32, 5*r + 14*c - 13*c + 26 = 0. Let g(x) = -x**2 - 2*x - 5. Let p(a) = -a. Let i(z) = g(z) + 4*p(z). Determine i(r).
-5
Let o(k) = 585*k + 57 - 307*k - 283*k. Calculate o(7).
22
Let b(m) = -10*m - 117. Let l be b(-12). Suppose -5*y + l*x + 18 = -y, 0 = -4*y + 2*x + 16. Let z(u) = u - 1. Give z(y).
2
Let s(r) be the second derivative of r**5/20 + r**4/4 - 29*r**3/6 - 4*r**2 + 9958*r. Give s(-7).
-1
Let y be (-1)/(3 - -1 - 3)*-5. Suppose -z - 17 = 3*a, y*z + 5*a + 14 = -21. Let x(i) = -6*i - 3. Determine x(z).
9
Let p(u) be the third derivative of -7*u**4/24 - 7*u**3/2 - 58*u**2 - 4. What is p(-6)?
21
Let w(d) be the first derivative of d**2 + 4*d - 1412. Calculate w(13).
30
Let d(q) = 7*q + 2. Let p(o) = -15*o - 5. Let s(w) = -13*d(w) - 6*p(w). Suppose -2*l + 5*j = -5*l + 115, -35 = -l - j. Suppose 2*r = -3*r + l. What is s(r)?
-2
Let n be 9/((4 + 5 + -3)/8). Suppose -4*z + n = 8*l - 7*l, -5*l - 4*z - 4 = 0. Let m(g) = -3*g - 3*g + g**3 + 3*g**2 + 2*g + 4. What is m(l)?
4
Let b(l) = l**3 - 2 - 1 + 8. Let i be -60 - -62 - 4/1*1. Let k be i/(-14) - (-13)/(-91). Calculate b(k).
5
Let i(b) = -3 - 937*b - 4 + 939*b. Let z(x) = x - 6. Let r(a) = 3*i(a) - 4*z(a). Let j = 121 - 126. Calculate r(j).
-7
Let p(r) be the first derivative of 1 - r + 1/2*r**2 - 6*r**3. What is p(1)?
-18
Let a = -59 + 68. Suppose 4*z = k - a, -2*k + z = -4*k - 9. Let y(n) = -3 - n**2 - 2*n**2 - 100*n**3 + 99*n**3 - 3*n + 0*n. Give y(k).
6
Suppose 0 = 3*t - 5*b + 303, -2*b - 17 + 320 = -3*t. Let p = t + 109. Let x(m) = -153 - p*m + 0*m + 150 + m. Calculate x(-2).
11
Let c = 75604 - 75598. Let o(t) be the second derivative of 1/6*t**3 + t - 1/2*t**4 + 0 + 3*t**2 + 1/20*t**5. What is o(c)?
12
Let x(d) = -2*d - 10. Suppose 0 = 52*g - 49*g + 3. Let s be 3*(g + 20/15). Suppose 10 = -2*v + 4*z, 1 = -2*z - s. Give x(v).
4
Let w(a) be the second derivative of -a**5/60 - a**4/12 + a**3/3 + 11*a**2 + 10*a + 3. Let l(k) be the first derivative of w(k). What is l(-4)?
-6
Let s(n) = -118*n - 6849. Let v be s(-58). Let y(t) = t**3 + 5*t**2 + 23*t + 116. Give y(v).
1
Let b(i) be the second derivative of i + 1/6*i**3 + 0 - 7/2*i**2. Suppose 27*p + p - 245 = 3*p - 24*p. Calculate b(p).
-2
Let j(p) = -2*p**3 - 57*p**2 - 28*p - 3. Let q(s) = 4*s**3 + 116*s**2 + 57*s + 11. Let i(m) = -5*j(m) - 2*q(m). Give i(-26).
-7
Suppose 71*q + 48 = 74*q. Let r(b) = q - b - 3 - 15. Calculate r(-4).
2
Let w(c) = -35*c + 95. Let o(y) = -45*y + 96. Let d(b) = -4*o(b) + 5*w(b). Calculate d(-16).
11
Let b(c) be the first derivative of -9*c**2/2 - 131*c + 15. Let g be b(-15). Let j(l) = l**3 - 4*l**2 - 3*l + 3. What is j(g)?
-9
Let q(x) = -x**3 - 2*x**2 + 2*x + 1. Let z(b) = -3*b - 18. Suppose 5 = -16*j + 15*j. Let w be z(j). Calculate q(w).
4
Let d(g) = -11*g + 18. Suppose 5*y + r = 1, 5*y - 10 = 4*r + 11. Calculate d(y).
7
Let c(i) = -i**3 + 2*i**2 - 3*i + 1. Suppose -19*z + 14*z - 90 = 0. Let h = -15 - z. What is c(h)?
-17
Let a(p) = -p**3 - 8*p**2 + 2*p + 1. Let t(r) = 4*r**3 + 21*r**2 - 5*r - 3. Let i(n) = -8*a(n) - 3*t(n). Determine i(2).
-29
Let m(z) = -z**2 - 48*z + 810. Let s be m(13). Let c(r) = r**3 - 18*r**2 + 304. Calculate c(s).
15
Suppose 18 = z + 5*a, -5 - 4 = -4*z + a. Let i be (4 + z/(-3))*1. Suppose 15 = 4*f + i. Let v(x) = -3*x - 1. Determine v(f).
-10
Let t(k) be the second derivative of -k**4/12 + 4*k**3/3 - 5*k**2/2 + 2*k - 29. Let u be (-1)/(-2)*3*-4. Let v(s) = -2*s - 6. Let y be v(u). Calculate t(y).
7
Let a = -198 + 200. Let z(s) = -2*s + 260*s**a + 2*s - s - 261*s**2. Give z(-1).
0
Let h(u) = -3*u + 6. Let c = 419 - 413. Suppose l = 3*d + 3, l - 3*d - 3 = -c*d. What is h(l)?
-3
Let p = 90 + -87. Let r(o) = 4*o**2 - 14*o - 5. Let z(s) = 3*s**2 - 13*s - 6. Let a(d) = p*z(d) - 2*r(d). What is a(10)?
-18
Let n(l) be the second derivative of l**3/3 + 13*l**2/2 + 4*l + 338. Determine n(-4).
5
Let v(s) be the second derivative of -7*s**5/20 + s**4/4 + s**3/2 + s**2/2 + 623*s - 2. Give v(-1).
8
Suppose -3*l + 6 + 0 = 3*x, x - 4*l = 7. Let g = -2 + x. Let o(t) = -2*t + 1. Let y(z) = 6*z**2 + 3*z - 2. Let k(c) = 2*o(c) + y(c). Calculate k(g).
5
Let y(x) be the second derivative of x**4/12 - 7*x**3/6 + 15*x**2/2 - x - 282. Give y(6).
9
Let s(z) = -29*z**2 + 3*z + 39. Let u(c) = -61*c**2 + 7*c + 78. Let g(q) = 21*s(q) - 10*u(q). What is g(8)?
47
Let m(v) = 16*v - 42. Let i(g) = -5*g + 14. Let b(s) = 7*i(s) + 2*m(s). Let d be (3/(-6))/((-132)/(-48)) - (-90)/11. Give b(d).
-10
Let c = 81 - 78. Let u(y) = 39*y**2 - y**3 - 4*y + 0*y**c - 45*y**2. Give u(-5).
-5
Let k = -7216 - -7202. Let z(m) = m**2 + 14*m + 33. Calculate z(k).
33
Let y(i) = i**2. Suppose 2*n + 169 - 27 = 3*k, k - 213 = 3*n. Suppose 0*b = -32*b + 2272. Let z = n + b. What is y(z)?
0
Let u(o) = 3*o**2 - 22*o**2 + 33*o - 1635*o**3 + 1636*o**3 + 6. Give u(17).
-11
Let t be (-10)/8 + 133/(-76). Let g(r) = r**2 + r + 12. Give g(t).
18
Let n(r) = -19*r + 6. Let u be n(4). Let z = 2409 - 2472. Let p = u - z. Let k(w) = -w**2 - 5*w + 3. Give k(p).
-11
Let u = 158 + -155. Let n(a) = 3 - a**2 + 5 + u*a - 11 + a. Determine n(6).
-15
Suppose -4*p - 48 = -5*g - 14, 0 = 2*g - 